of 4 - (-6 - (-1 - 4))?
5
Calculate 4 - (4 - 7 - 1).
8
What is the value of -2 - 4 - (-2 + 4 - 8)?
0
Calculate -3 + 0 + 8 + (0 - -2).
7
3 + 1 + (13 - 24)
-7
Calculate 75 + -64 + (-1 - 8).
2
-9 + (7 - 3) - (-14 - -5)
4
Evaluate -13 + -20 + 6 + 26.
-1
Calculate 2 + (-1 - -5 - 5).
1
(-13 - (-6 - 3)) + (11 - -1)
8
Evaluate 5 - 2 - (7 + -4).
0
0 - (-1 - -1) - 5
-5
Evaluate 3 + -3 + -7 - -3.
-4
What is the value of -1 - -4 - 6 - -2?
-1
Calculate (0 - 1) + 5 + 6 + -4.
6
What is the value of -1 + 8 + 1 + (-1 - 2)?
5
0 + 2 - 1 - (-14 + 11)
4
Evaluate -4 - (-25 - -12 - -16).
-7
Evaluate (5 - 7 - -2) + -2.
-2
Evaluate -4 + 3 + (-7 - -3) + 6.
1
What is -10 + 5 + 2 + 0?
-3
Evaluate -1 + 1 - 0 - (-2 - -2).
0
Calculate 0 + 1 + -1 + -4 + 5.
1
-32 + 29 + (-4 - (-15 + 4))
4
What is the value of -8 + -5 + (18 - -1) + -5?
1
What is 4 + -12 + 3 + 2?
-3
Calculate 0 - (12 - 10 - (-1 + 1)).
-2
Calculate (0 - 8) + 37 + -27.
2
Evaluate -5 + 4 + (1 - -4).
4
What is the value of 1 + -4 - (-6 + 4 + 4)?
-5
9 + -4 - (-1 + 2 - -2)
2
Evaluate 8 - (0 + -2) - 8.
2
What is the value of -1 + 2 + -22 + 19?
-2
Evaluate 2 + -1 + 0 + 10 + -12.
-1
What is the value of (-21 - (-2 - 7)) + 5?
-7
What is the value of 86 + -88 + (4 - 1)?
1
-39 + 39 - (1 + -1 - -2)
-2
Evaluate -8 - (3 + 8 + -10).
-9
What is the value of 57 - 60 - (-1 - -7)?
-9
What is the value of (-2 - (1 - 3)) + 5 + -3?
2
Calculate -4 - (-2 + 6 - 9).
1
Calculate -1 + (-4 - 0 - 0) + 4.
-1
(-10 - -5) + 2 + 7
4
Calculate -2 + 7 + -6 - -1 - -6.
6
What is the value of 3 - (4 - 2) - (1 - 2)?
2
What is the value of 21 + -21 + 0 + -2?
-2
Calculate 13 + 2 + -12 + -11.
-8
What is -19 - -21 - (3 + -3)?
2
Calculate 21 + -23 - (7 - -1 - 2).
-8
What is (1 - ((7 - 9) + 3)) + 7?
7
Evaluate 0 - 1 - (-13 - 0 - -15).
-3
-7 + (1 - -5) + 16 + -8
7
(0 - 1) + (-4 - -9) + -4
0
(-12 - -8) + 10 + 1
7
7 + -12 + 7 + (2 - 0)
4
What is the value of 4 - 7 - (8 + -18 - -7)?
0
Evaluate (-11 - (3 + -11)) + -3.
-6
1 - (-4 - 0) - 11
-6
-4 - 0 - (30 + -41) - 8
-1
Calculate 3 + (-4 - 2 - -2) + 1.
0
-6 + (35 - 25) - (-6 + 1)
9
7 + (8 - 13 - -3)
5
2 + -5 - (-4 + 5)
-4
What is 4 + -4 + 1 + (3 - 3)?
1
Evaluate 5 - (1 - 8 - -19).
-7
(2 - -1 - 3) + (-1 - 6)
-7
What is the value of -1 + 8 + (2 - 17 - -2)?
-6
1 + (4 - (6 - (-1 - -2)))
0
Calculate 5 + (-3 - -4) + -1.
5
What is 2 - -2 - (-6 + 7)?
3
Evaluate 5 + -1 + -4 + -4 + 0.
-4
-6 - (-12 - -6 - 0) - -5
5
-4 + 3 + -14 + 10
-5
Calculate -3 + (0 + 3 + -9 - -13).
4
What is 9 + 1 + (-2 - 3)?
5
-4 + 1 - (0 - (2 + -1))
-2
What is the value of -2 - 4 - (47 + -53)?
0
Calculate -1 + 9 + -3 + -13 + 8.
0
What is the value of -10 - (-3 + 0 - 11)?
4
What is (-39 - -44) + -1 + -2 + -1?
1
14 + -19 + 6 + -8
-7
What is the value of -4 - (-6 - -4) - -7 - -1?
6
What is the value of 6 + -4 - (36 - 28)?
-6
What is -1 + (0 - (-12 - (-2 - 3)))?
6
Calculate 16 + -16 + -2 + 1.
-1
What is the value of 1 - 0 - 0 - (-6 - -3)?
4
What is the value of -5 + (8 - 6) + 4?
1
Evaluate 39 + -41 - (1 + 0 - 6).
3
Calculate (-9 - -2) + 5 - (2 - 0).
-4
Evaluate (4 - 0) + 1 + -1.
4
Evaluate -6 - (-2 - 3 - 2) - -4.
5
Calculate 0 + (7 - 4 - 4).
-1
Calculate 11 + -5 + -2 + (4 - 2).
6
Calculate -10 + 4 + (13 - 4).
3
Evaluate 3 + -6 - -3 - -4.
4
-6 - (-5 - (-4 - 0))
-5
Evaluate -2 + 12 + -5 + -9.
-4
-8 + 3 + (-1 - (-2 + 1))
-5
Calculate 104 + -120 - (2 + -8 + 1).
-11
-1 + (3 - 2) + 2
2
What is 3 + (1 - 2 - (2 + -3))?
3
What is the value of -31 - -26 - (-2 - -1)?
-4
1 + (-6 - (1 + -3))
-3
Calculate 4 - 3 - (1 + -3) - 6.
-3
What is the value of -7 + 8 - -2 - -1?
4
What is the value of -1 - -5 - (-26 + 33)?
-3
What is 1 + 8 + -4 + -5?
0
Evaluate -2 + 1 + 1 + -4.
-4
Evaluate -5 + 0 + 3 + 4 + -2.
0
Evaluate 1 - 2 - -6 - 7.
-2
What is the value of 8 + 0 + (3 - (7 - 0))?
4
(4 - 3 - 5) + 0
-4
What is -3 + 1 + -3 + (39 - 30)?
4
What is the value of -6 + (4 - 2) + 6?
2
What is 3 + (-5 - 6) + 9?
1
Evaluate -4 + 6 + -5 + 0.
-3
What is the value of -15 - -4 - 1 - -7?
-5
What is the value of -5 + 5 - (-4 - (0 - 1))?
3
What is (-7 - -6) + (12 - 8)?
3
Calculate (-1 - 0) + -4 + -3 + 5.
-3
What is the value of (-8 - 1) + 4 + 1 + -2?
-6
What is the value of (2 - (8 - 2)) + (12 - 13)?
-5
Evaluate -9 + 6 + 6 + (-2 - 4).
-3
(18 - 17 - (0 + 0)) + -6
-5
Evaluate -5 + (-4 - (0 + -5)) - -2.
-2
Calculate (-10 - -7) + -3 + 1.
-5
5 + (3 - (6 + 1 + -3))
4
Calculate -2 + (18 + -15 - (-4 - -1)).
4
Evaluate 1 + (0 - (-2 - (1 - 2))).
2
What is -9 + (-2 - (2 - 9))?
-4
0 - (0 - (-2 - -3)) - 2
-1
Calculate 17 + 1 + -10 - 11.
-3
What is 0 + -5 - (-2 - (1 - 0))?
-2
Calculate -12 - (-1 + -15 - -11).
-7
Evaluate (4 - (1 - 2)) + 1 + -1.
5
What is -2 - (-3 + (2 - -1 - -2))?
-4
What is -7 - -12 - (-2 + 2)?
5
What is the value of (-11 - (4 + (-4 - 2))) + -1?
-10
What is the value of -5 - -10 - (15 - 7)?
-3
Evaluate (3 - 5) + (0 - 3) + -2.
-7
Evaluate -1 + (-2 - (3 - 9)).
3
What is the value of 4 - 1 - (3 + (5 - -2))?
-7
What is -2 + -4 + 19 + -18?
-5
-4 + (4 - 3) + -2
-5
Calculate (-4 - -7) + 4 + -3.
4
What is the value of 2 - 0 - ((19 - 10) + -8)?
1
What is (2 - -1) + (-4 - -4)?
3
Evaluate 2 + -2 - (12 - 11) - 0.
-1
Calculate (-8 - (21 - 9)) + 14.
-6
What is -7 + 3 + 0 + -1?
-5
Calculate -2 + 2 + 1 - 1.
0
Calculate (14 - 10) + (-2 - 5).
-3
7 - -1 - (35 - 31)
4
-5 + (-16 - -12) + 4
-5
What is the value of 8 + (9 - 19) - -12?
10
What is the value of 2 + -3 + (-1 - -2)?
0
What is the value of (1 - -6) + (94 - 104)?
-3
-1 - ((2 + -3 - 1) + 4)
-3
What is -4 + (8 - 14 - -3)?
-7
-19 + 14 + 0 + 2 - -5
2
Calculate 2 + -14 - ((-4 - 2) + 0).
-6
Calculate -3 - (-3 - (2 - -3)).
5
Evaluate (4 - -7) + -23 - -8.
-4
Calculate (-13 - -6) + 10 + -3.
0
What is the value of 5 + 0 + (3 - -1)?
9
0 + 4 + -5 + 1 - 4
-4
Calculate 2 - 1 - (1 - (-1 + -1)).
-2
-3 - (-6 - -4) - 4
-5
What is 1 + -7 + 4 + 1?
-1
(4 - (1 + -3)) + -4 + 3
5
Calculate -5 - (3 + 6 + -9).
-5
Calculate 4 + (-8 - (-11 - -4)).
3
Evaluate -13 + 17 - (4 - -5).
-5
(-1 + 0 - 0) + (4 - 3)
0
2 + (-4 - -9) - 9
-2
-2 - -8 - 7 - 10
-11
What is the value of 8 + -5 + -2 + 3?
4
What is -6 - 1 - ((-11 - -3) + -4)?
5
Calculate -2 + (4 - 2) + -2 - 1.
-3
What is -50 - -48 - (1 + (-5 - 2))?
4
Evaluate -4 + ((5 - 5) + -5 - -16).
7
-6 - (4 + -8 - -2 - 0)
-4
What is 1 - (0 - (-4 + -1))?
-4
Calculate -7 + 1 + -8 + (-8 - -15).
-7
What is (9 - 2) + (0 - 2)?
5
Evaluate 6 - (-1 + -3 + -3 + 9).
4
Calculate -3 - -4 - (-14 + 15).
0
Calculate 0 - (4 - (8 + -1)).
3
(2 - (-4 + 3)) + 0 + -1
2
Evaluate 18 + -17 + -5 + 1.
-3
What is the value of -1 - (-1 + -3) - 6?
-3
Calculate 0 + -8 + 2 + 3.
-3
What is 2 + 14 + (2 - 11)?
7
What is the value of 19 + -25 + 4 + 2?
0
What is 3 - -4 - 6 - (-4 - -1)?
4
(1 + -25 - -14) + -1 + 3
-8
Calculate 4 + -1 + -4 + (2 - 4).
-3
Evaluate (0 - -5) + (-1 - 5).
-1
What is -8 - (-1 - 2) - (-3 - 6)?
4
Evaluate -1 + -4 - -4 - (-1 + 5).
-5
Calculate (0 - (0 - 4)) + -4.
0
Evaluate 2 - (7 + -13) - 7.
1
-9 + 2 + -2 + 3
-6
What is 8 - (7 - -1) - 4?
-4
15 - 12 - (-1 - -3)
1
What is the value of -6 + 3 - (0 + -1)?
-2
Calculate (-10 - -14 - (-4 + -1)) + -5.
4
What is the value of 1 - (0 + -2 + 5 + -4)?
2
What is the value of (5 - (-3 - -5)) + -7 + 13?
9
0 + -6 - (-53 + 46)
1
(-9 - (-7 + 1)) + 6 - 5
-2
What is the value of 7 - (4 - ((4 - 1) + -3))?
3
Calculate -30 + 25 + (-2 - 4).
-11
Evaluate 36 - 39 - (1 + -1).
-3
What is the value of -6 - -13 - (8 - 3)?
2
What is 7 + -9 - (0 - -1)?
-3
What is the value of -6 + (20 - 8 - 5)?
1
Calculate -6 + 3 + 1 - (44 - 39).
-7
0 - (5 - (5 + -2) - -3)
-5
0 + -2 - (0 + -3 + 3)
-2
-3 + 0 - (7 - (6 - -7))
3
(9 + 1 - (19 - 12)) + -1
2
What is 1 + (-1 + -1 - (-11 + 8))?
2
(2 - (2 - 12)) + -12
0
What is (22 - 15) + 0 + -2?
5
7 + -2 + -12 - (-1 + -2)
-4
What is 3 - (3 - (-1 - -2))?
1
Evaluate -1 + (-4 + 1 + 7 - 6).
-3
Evaluate (-5 - -7) + (-15 - -9).
-4
What is (8 - 4) + 1 + -4 + -6?
-5
What is -1 + 0 + 3 + -3?
-1
Calculate 5 + 0 + 1 + (2 - 4).
4
What is the value of (-2 - (-2 - 0)) + -4 + 1?
-3
What is (-4 - -9 - 3) + -5?
-3
What is -6 + (-2 - -3) + 5 - -6?
6
What is the value of -8 - (4 - 20) - 9?
-1
Evaluate (-4 - -2) + 3 - (-1 + -1).
3
What is the value of 4 - (-3 - -2 - (-10 - -7))?
2
What is 5 - 12 - (3 + (-3 - 3))?
-4
What is -1 - (-3 - (-6 - 3) - 3)?
-4
Evaluate 1 + -8 + 5 + -2 + 2.
-2
Evaluate -1 + 3 + -5 + (-3 - -6).
0
8 + (-17 - -5)